 -2*c - 3*k + 25 = 0. Determine p(c).
9
Let y be 6 + 5/((-5)/2). Suppose 10 = -4*d + 5*x, -2*d = 5*x - 3*x - y. Let o(i) = -24 + 2*i + 25 - 8*i + 2 + 7*i. What is o(d)?
3
Let l(c) be the first derivative of -56*c**2 - 3*c - 5735. Calculate l(-1).
109
Suppose -4*j - 6 = -5*k, -j - 17 = -4*k - 21. Let q(u) = 8*u + 16. Determine q(j).
-16
Let g(k) = 21 + 7*k - k + 32 - 55 + 28. What is g(-10)?
-34
Let z(c) = 63*c + 26. Let k be (12 + (-46)/4)*(-1 + 1/(-1)). Give z(k).
-37
Let q(y) = -y**3 - 5*y**2 - 5*y - 4. Let c be (-5)/(10/6) + 6. Let w = 81 + -76. Suppose -w*o - 30 = c*u, 5*o - 5 = 4*u - 0*u. What is q(o)?
-7
Let q(p) be the first derivative of 5*p**2/2 + p - 41. Let s(b) = b**3 + 5*b**2 - 6*b + 2. Let z be s(-6). Suppose 8 - 4 = z*w. Determine q(w).
11
Let g(b) be the second derivative of 0*b**2 + 1/6*b**3 + 0 - 2*b. Let p(n) = n**3 - 6*n**2 + 4*n + 2. Let v be p(5). Determine g(v).
-3
Let k(w) = 20*w**3 - 46*w**2 - 19*w - 33. Let z(o) = -9*o**3 + 22*o**2 + 10*o + 16. Let j(f) = 4*k(f) + 9*z(f). Let c be (-9)/12*2*-10. Give j(c).
-3
Let b(g) be the third derivative of -g**5/60 + g**4/3 - 11*g**3/6 - 3162*g**2. What is b(5)?
4
Let a be 4*((-3)/1 + 4). Let i(q) = -a*q**2 - 1 + 3*q - 12*q**3 + 6*q**3 + 5*q**3. Let l = -8 + 4. Calculate i(l).
-13
Let j(n) be the third derivative of 7*n**4/12 - 2*n**2. Let w be (-4)/(-4) - (3 + -2). Suppose -5 = -w*g - 5*g. Calculate j(g).
14
Let k be (11512/(-6))/(-4) - (-10)/(-15). Let i = k + -473. Let z(v) = -v**3 + 7*v**2 - 5*v. Give z(i).
6
Let g(c) be the second derivative of -c**3/6 - 5*c**2/2 - 682*c + 1. Calculate g(-12).
7
Suppose -14 = 2*a, 2*c + 357*a = 360*a + 17. Let v(m) = -7*m - 1. Determine v(c).
13
Suppose 144*q - 140*q - 28 = 0. Let i be (-1)/((-6)/(-84)*q). Let z(p) = 5*p + 5. Give z(i).
-5
Let p(v) = v + 9. Let q = -52 - -54. Suppose q*f - 5*f + 30 = 0. Suppose 0 = 3*k - 5*k - f. Determine p(k).
4
Let m(i) = i**3 - 8*i**2 + 8*i + 13. Let b(j) = -j**2 + 7*j + 1. Let z be b(6). What is m(z)?
20
Let l(h) = 1 + 4*h - 3 - 6*h. Let p = -114 + 72. Let c = p - -37. Give l(c).
8
Let d(l) = l**2 - 13*l + 17. Suppose 2*g + 3*g - 40 = -5*z, -z - 8 = -3*g. Suppose z*h - 27 = 2*h + 3*n, h = -3*n + 9. What is d(h)?
5
Let y(q) = -q**2 + q + 14. Let v be y(4). Let j(c) = 8*c - c**v - 16*c + 6*c + 3. Give j(-4).
-5
Let g(b) be the first derivative of -7*b**2/2 + 32*b + 199. Give g(5).
-3
Suppose 2*x = -2*l + 4, 0 = -l + 13*x - 9*x + 2. Let i(m) be the first derivative of 6*m - 1/2*m**l - 12. What is i(3)?
3
Let g(k) = 10*k**3 + 2*k - 1. Let s be 37 - 1/(-2)*10. Let b(c) = -42*c**2 - 3*c - 2. Let l be b(-1). Let h = l + s. Calculate g(h).
11
Let b(p) = -3*p**3 + 2*p**2 - 2*p + 3. Let y = -97 - -111. Suppose -3*x + 20 = y. Determine b(x).
-17
Let n(x) = -58*x - 47 - x**3 + 15*x + 433*x**2 - 455*x**2. Give n(-20).
13
Let s(b) be the third derivative of b**4/6 - 7*b**3/6 + 122*b**2. Suppose -9*p + 44 = -4*p - 3*q, 0 = 3*p + q - 18. Calculate s(p).
21
Suppose 4*y - 327 = -11*y - 207. Let p(g) = -g**2 + 14*g. Let q(r) = r**2 - 15*r - 1. Let u(h) = 6*p(h) + 5*q(h). Determine u(y).
3
Suppose -5*s + 2*a = 102, 2*a + 30 = s - 2*s. Let n be (-11)/13 - s/(-143). Let t(h) = 18*h**2. Calculate t(n).
18
Suppose 15*n + 36 = 17*n. Suppose 0 = -n*i - 31 - 41. Let k(b) = -3*b - 13. Give k(i).
-1
Let t be 375/50 + 2/(-4). Let z(c) = c**2 + 6*c - 65. Determine z(t).
26
Let x be (-2)/(-6) - 13/(39/4). Let i(v) be the second derivative of 5*v**4/4 + v**3/3 + v**2/2 - 15*v. What is i(x)?
14
Let c(x) be the third derivative of x**6/120 + x**5/5 + 3*x**4/8 - x**3/2 - 1490*x**2 - 2. Calculate c(-11).
19
Let w(h) = -h + 6. Let b be (-1)/(10/(-8)) + (-7 - (-636)/30). Give w(b).
-9
Suppose 6*l = l + 90. Let x(n) = n - l - 29 + 50. Calculate x(7).
10
Let f(k) = k + 1. Let r be f(1). Let b(v) = -v + 1. Let a(w) = -4*w + 4. Let x(c) = -3*a(c) + 16*b(c). Let h be x(r). Let y(q) = -2*q - 6. Calculate y(h).
2
Let g = -97 + 132. Let r(o) = -14 - g - 28 + 102 - 3*o. Calculate r(8).
1
Suppose 0 = -3*i - k - 71, 5*i = k - 190 + 61. Let h = i + 22. Let r(d) = -4*d + 3. Determine r(h).
15
Let k = 60 - 57. Suppose 4*o = -k*c + 2, o + 2*c + 12 = 5*o. Let u(m) = 5*m**o - m**3 - 9*m**2 + 7*m - m**2. Determine u(-6).
-6
Let w(a) = a**2 + a + 7. Let u be w(0). Let k(m) = 7 + 2*m + 8*m**3 - u*m**3 - 2 + 5*m**2 - 1. Suppose 0 = 2*p + 6 + 4. Determine k(p).
-6
Let g(v) = v + 6. Let u(q) = q**2 + 11*q + 20. Suppose 7*h + 1 - 57 = 0. Suppose -h*x - 65 = -17. Let i be u(x). Determine g(i).
-4
Let h be (20/15 + -1)/((-1)/(-9)). Suppose -h*d + 4*d + 10 = 0. Let f(k) = k + 12. Give f(d).
2
Suppose -6*r + 56 = -14*r. Let g(b) = b**2 + 7*b - 16. What is g(r)?
-16
Let i be 4/(-2*1/2). Let a(z) = 35154*z**2 - z**3 - 3*z - 17581*z**2 + 3*z - 17576*z**2 + 4 + 4*z. What is a(i)?
4
Let d = -38 - -27. Suppose 0 = -4*n + 4*u - 72, -2*u + 155 - 51 = -6*n. Let x = d - n. Let b(m) = 4*m - 4. Determine b(x).
20
Let j(o) = 2*o + 10. Let l be (-4)/(-30) + 9160/(-75). Let w = l - -115. What is j(w)?
-4
Let j(l) = -l**3 + l**2 + 10*l + 11. Let g be j(4). Let m(t) = 7878 - t**2 - 8*t - t**2 + g*t**2 - 7871. Give m(9).
16
Let v(f) = -5*f + 1. Let w(q) = 2*q + 22. Let s be w(-10). Let u be (-2 - -4) + s + 1. Suppose -4*h - 3*c + u - 2 = 0, -5*h = -5*c + 40. Calculate v(h).
16
Let f be 12/9 + 220/33. Let n(w) = 11*w + 4*w - 22*w + 1 + f*w + 0. Let r(y) = -y**3 + 3*y**2 - 2*y + 3. Let g be r(2). Determine n(g).
4
Let l(a) = 15 + 66*a + 16 - 22 - 61*a. Calculate l(4).
29
Let r(i) be the first derivative of -7*i**2/2 - 119*i - 11755. Calculate r(-8).
-63
Suppose -8 = -10*n + 12. Suppose 3*y + n*y = 3*x - 42, -3*x - 12 = 4*y. Let j(c) = -c**3 - 5*c**2 + 5*c - 4. Determine j(y).
2
Suppose 0 = -s + 1, -4*d = -d - s - 125. Suppose d = -7*q + 105. Let f(k) = -k**2 + 10*k + 11. Determine f(q).
20
Suppose n + 1 = 3, -5*n = -4*p + 14. Let w(d) = p*d - 5*d + 5*d - 4*d - 2 + d + d**3. Determine w(2).
12
Let u = -2 + 16. Let b(z) = z**2 - 13*z - 8. Let v be b(u). Suppose -v*j + 17 = -25. Let p(d) = d**2 - 6*d + 1. What is p(j)?
8
Suppose 5*m = -4*u - 8 + 10, 2*u = 2*m + 10. Let s(f) = 3*f - 4. Let c(p) = -6*p + 7. Let w(v) = u*c(v) + 5*s(v). Give w(-6).
19
Suppose 6*c = -0*c - 36. Let d be 41/(-1) + c/3. Let m = d - -40. Let x(g) = -6*g + 2. Determine x(m).
20
Suppose 3*v - 11 = -4*q, 4*v + 11 = -2*q + 9. Let y(d) = d**3 + 3*d**2 - 8*d - 19. Calculate y(v).
5
Let w(x) = x**3 + 12*x**2 + 12*x + 14. Let k be w(-11). Let t(u) be the second derivative of -u**3/6 - 2*u**2 - 16740*u. Calculate t(k).
-7
Let i = 4202 + -4196. Let u(f) be the third derivative of 1/4*f**4 - 1/60*f**5 - i*f**2 + 0*f + 0 + 0*f**3. What is u(7)?
-7
Let y = -66 - -64. Let h(b) be the third derivative of -5*b**4/24 - b**3/3 + 15*b**2. What is h(y)?
8
Let t(y) = 13*y - 10. Let l be t(1). Suppose 4 = 2*r, -2*c + 7 = -l*c + 3*r. Let i be -1 - (c + -2)*(-12)/(-18). Let u(b) = 9*b. Calculate u(i).
9
Suppose 59*g + 26 = -b + 55*g, -5*b - 5*g - 55 = 0. Let a(m) = 13*m + 81. What is a(b)?
3
Let n(q) be the second derivative of -q**5/20 - 11*q**4/12 - 5*q**3/3 + 5*q**2/2 - q - 292. Let g(s) = -s**2 + 26*s + 17. Let p be g(27). Give n(p).
5
Let d(a) = -a**3 + 36*a**2 - 17*a - 23. Let v(f) = -4*f**2 + 1. Let o(x) = -d(x) - 12*v(x). Give o(-11).
-55
Let r(o) = -o**3 + 5*o**2 + 3*o - 8. Let n be (-6 + (-235)/(-10))/(2/4). Suppose -36*m + 39*m = 5*a + n, 5*m - 4*a = 41. What is r(m)?
7
Suppose -3*f - 11 = 28. Let n(c) = 337*c + 88. Let w(l) = -52*l - 15. Let z(b) = 2*n(b) + 13*w(b). Give z(f).
7
Let r(h) = 9 - 179*h - 162*h + 648*h - 164*h - 5*h**2 - 167*h. Give r(-5).
4
Let i(q) = 29*q - 588 + 1242 - q**2 - 602. Calculate i(30).
22
Suppose q - 4 = -5. Let l(v) = -52*v. Let w(f) = f. Let z(n) = q*l(n) - 39*w(n). Let y = -187 + 186. Calculate z(y).
-13
Let z(u) be the third derivative of u**5/60 - u**4/6 + 7*u**3/6 - 3663*u**2. What is z(5)?
12
Let i be 4/(60/(-9)) + (-12)/30. Let a be (i + 1 - -1)/(3/(-6)). Let t(c) = -7*c - 2. Calculate t(a).
12
Let j(o) = -o + 4. Let m(q) = q + 15. Let n be m(-9). Let z(v) = -n*v - 15 + 5*v + 4*v. Let r be z(5). What is j(r)?
4
Let d(q) = -2*q**2 - 21*q - 47. Let v be d(-4). Suppose 4*c + 4*m = -44, -4*m + 14 = -v*c - 5. Let w(p) = p**2 + 5*p + 9. What is w(c)?
23
Suppose 113*j - 996 = 30*j. Let t(y) = -2